{"id":250,"date":"2023-07-10T17:26:30","date_gmt":"2023-07-10T15:26:30","guid":{"rendered":"https:\/\/karineleouay.com\/?page_id=250"},"modified":"2025-05-27T09:37:36","modified_gmt":"2025-05-27T07:37:36","slug":"contact-et-biographie-karine-le-ouay-photographe","status":"publish","type":"page","link":"https:\/\/karineleouay.com\/index.php\/contact-et-biographie-karine-le-ouay-photographe\/","title":{"rendered":"Contact"},"content":{"rendered":"\t\t<div data-elementor-type=\"wp-page\" data-elementor-id=\"250\" class=\"elementor elementor-250\" data-elementor-post-type=\"page\">\n\t\t\t\t\t\t\t<div class=\"elementor-element elementor-element-4ed4482 e-flex e-con-boxed e-con\" data-id=\"4ed4482\" data-element_type=\"container\" data-settings=\"{&quot;content_width&quot;:&quot;boxed&quot;}\">\n\t\t\t\t\t<div class=\"e-con-inner\">\n\t\t\t\t<div class=\"elementor-element elementor-element-d263295 elementor-widget elementor-widget-image\" data-id=\"d263295\" data-element_type=\"widget\" data-widget_type=\"image.default\">\n\t\t\t\t<div class=\"elementor-widget-container\">\n\t\t\t<style>\/*! elementor - v3.15.0 - 09-08-2023 *\/\n.elementor-widget-image{text-align:center}.elementor-widget-image a{display:inline-block}.elementor-widget-image a img[src$=\".svg\"]{width:48px}.elementor-widget-image img{vertical-align:middle;display:inline-block}<\/style>\t\t\t\t\t\t\t\t\t\t\t\t<img loading=\"lazy\" decoding=\"async\" width=\"800\" height=\"534\" src=\"https:\/\/karineleouay.com\/wp-content\/uploads\/2023\/07\/1-Springathome_Karine_Le_Ouay-1024x683.jpg\" class=\"attachment-large size-large wp-image-14\" alt=\"\" srcset=\"https:\/\/karineleouay.com\/wp-content\/uploads\/2023\/07\/1-Springathome_Karine_Le_Ouay-1024x683.jpg 1024w, https:\/\/karineleouay.com\/wp-content\/uploads\/2023\/07\/1-Springathome_Karine_Le_Ouay-300x200.jpg 300w, https:\/\/karineleouay.com\/wp-content\/uploads\/2023\/07\/1-Springathome_Karine_Le_Ouay-768x512.jpg 768w, https:\/\/karineleouay.com\/wp-content\/uploads\/2023\/07\/1-Springathome_Karine_Le_Ouay-1536x1024.jpg 1536w, https:\/\/karineleouay.com\/wp-content\/uploads\/2023\/07\/1-Springathome_Karine_Le_Ouay.jpg 1800w\" sizes=\"auto, (max-width: 800px) 100vw, 800px\" \/>\t\t\t\t\t\t\t\t\t\t\t\t\t\t\t<\/div>\n\t\t\t\t<\/div>\n\t\t\t\t<div class=\"elementor-element elementor-element-b2b1df4 elementor-widget elementor-widget-text-editor\" data-id=\"b2b1df4\" data-element_type=\"widget\" data-widget_type=\"text-editor.default\">\n\t\t\t\t<div class=\"elementor-widget-container\">\n\t\t\t<style>\/*! elementor - v3.15.0 - 09-08-2023 *\/\n.elementor-widget-text-editor.elementor-drop-cap-view-stacked .elementor-drop-cap{background-color:#69727d;color:#fff}.elementor-widget-text-editor.elementor-drop-cap-view-framed .elementor-drop-cap{color:#69727d;border:3px solid;background-color:transparent}.elementor-widget-text-editor:not(.elementor-drop-cap-view-default) .elementor-drop-cap{margin-top:8px}.elementor-widget-text-editor:not(.elementor-drop-cap-view-default) .elementor-drop-cap-letter{width:1em;height:1em}.elementor-widget-text-editor .elementor-drop-cap{float:left;text-align:center;line-height:1;font-size:50px}.elementor-widget-text-editor .elementor-drop-cap-letter{display:inline-block}<\/style>\t\t\t\t<p class=\"ql-banner-subtitle ql-align-center ca-headings-g3Oj8g\">karine.leouay@gmail.com<br \/>+33 6 12 38 99 80<\/p><p>Tirages Fine Art num\u00e9rot\u00e9s sign\u00e9s sur commande.<\/p><p>Prestations photographiques sur devis.<\/p>\t\t\t\t\t\t<\/div>\n\t\t\t\t<\/div>\n\t\t\t\t\t<\/div>\n\t\t\t\t<\/div>\n\t\t<div class=\"elementor-element elementor-element-4c85279b e-flex e-con-boxed e-con\" data-id=\"4c85279b\" data-element_type=\"container\" data-settings=\"{&quot;content_width&quot;:&quot;boxed&quot;}\">\n\t\t\t\t\t<div class=\"e-con-inner\">\n\t\t\t\t<div class=\"elementor-element elementor-element-7da96083 elementor-widget elementor-widget-text-editor\" data-id=\"7da96083\" data-element_type=\"widget\" data-widget_type=\"text-editor.default\">\n\t\t\t\t<div class=\"elementor-widget-container\">\n\t\t\t\t\t\t\t<p>Karine Le Ouay, auteure-photographe, est bas\u00e9e \u00e0 Paris.<\/p><p>De son enfance en Am\u00e9rique du Sud, elle a gard\u00e9 une sensibilit\u00e9 aux couleurs, aux odeurs et \u00e0 la lumi\u00e8re. Dipl\u00f4m\u00e9e du Celsa-Paris IV Sorbonne, elle commence sa carri\u00e8re dans la communication, notamment dans le milieu musical. D\u00e8s 2017, sa rencontre avec les filles de Robert Doisneau l\u2019incite \u00e0 se lancer comme photographe professionnelle. Elle d\u00e9bute alors dans la photographie de presse puis obtient le dipl\u00f4me de l\u2019\u00c9cole des m\u00e9tiers de l\u2019Information en photographie documentaire en 2021 avant de rejoindre le collectif Divergence Images en 2023.<\/p><p>En parall\u00e8le \u00e0 son travail de commande et de portrait, Karine Le Ouay d\u00e9veloppe des s\u00e9ries personnelles centr\u00e9es sur une \u00e9criture sensible du quotidien. Elle tisse des r\u00e9cits visuels \u00e0 fleur de peau, o\u00f9 le quotidien devient mati\u00e8re \u00e0 po\u00e9sie. A travers ses s\u00e9ries personnelles, elle capte l&rsquo;intime avec une rare d\u00e9licatesse, fa\u00e7onnant des ambiances \u00e0 la fois cin\u00e9matographiques et profond\u00e9ment humaines. <\/p><p>Ce qui frappe dans son travail, c&rsquo;est cette mani\u00e8re de rendre chaque lieu habit\u00e9, chaque silence parlant. Il y a une douceur un peu nostalgique, une sensualit\u00e9 feutr\u00e9e, et toujours cette \u00e9l\u00e9gance discr\u00e8te, presque suspendue. Le myst\u00e8re n&rsquo;est jamais loin mais il n&rsquo;est pas impos\u00e9 &#8211; il s&rsquo;installe comme un souffle.<\/p><p>Le portrait est au coeur de sa pratique. En commande pour la presse ou dans ses projets personnels, Karine cherche la confidence, la sinc\u00e9rit\u00e9 d&rsquo;un regard, la chaleur d&rsquo;un instant partag\u00e9. D&rsquo;un lieu \u00e0 l&rsquo;autre, d&rsquo;un visage \u00e0 l&rsquo;autre, elle capte ce qui ne se dit pas.<\/p><p>Ses images sont comme des fragments de souvenirs &#8211; un parquet qui craque, un geste furtif, une lumi\u00e8re qui glisse sur un rideau. On y entre comme dans un r\u00eave, port\u00e9.e par cette impression \u00e9trange d&rsquo;avoir \u00e9t\u00e9 l\u00e0. Une oeuvre qui invite \u00e0 ralentir, \u00e0 ressentir, \u00e0 se se laisser happer.<\/p><p class=\"ca-paragraphs-B8W0l2 ql-align-justify ql-paragraph-3\">Karine Le Ouay est distribu\u00e9e par la galerie Taylor, remarqu\u00e9e par Fisheye magazine et l\u2019Oeil de la Photographie. Son travail est notamment expos\u00e9 par Leica, Photodoc-Paris et l\u2019Union des Photographes Professionnels.<\/p><p>Elle publie r\u00e9guli\u00e8rement dans la presse en France et \u00e0 l\u2019\u00e9tranger (<em>Le Figaro<\/em>, <em>Te\u0301le\u0301rama<\/em>, <em>L\u2019Obs<\/em>, <em>Lib\u00e9ration<\/em>, <em>L\u2019Express<\/em>, <em>Les \u00c9chos<\/em>, <em>Paris Match<\/em>, Les Jours, <em>So Good<\/em>, <em>Society<\/em>, <em>L\u2019Humanit\u00e9<\/em>, <em>Courrier International<\/em>, <em>The Economist<\/em>\u2026) et travaille pour des clients comme la BPI, Vinci, la Ville de Versailles, Le Printemps ou la Sncf.<\/p><p>Elle a obtenu la Mention Prix du public aux Nuits photographiques de Pierrevert en 2023. Ses photographies ont \u00e9t\u00e9 publi\u00e9es dans l\u2019ouvrage collectif <em>Ce monde-l\u00e0, voyage aux fronti\u00e8res du photojournalisme <\/em>(Loco, 2022), <em>Fisheye Magazine<\/em> et <em>L\u2019\u0152il de la photographie<\/em>.<\/p><p>Elles ont fait l\u2019objet de plusieurs expositions et projections, notamment \u00e0 Pierrevert (2023), \u00e0 l\u2019Union des Photographes Professionnels et\u00e0 Arles (2022), \u00e0 la Galerie Taylor, \u00e0 la Leica Galerie et \u00e0 PhotoDoc (2020).<\/p><p class=\"ca-paragraphs-B8W0l2 ql-align-justify ql-paragraph-3\"><strong>\u00a0<\/strong><\/p><p class=\"ca-paragraphs-B8W0l2 ql-align-justify ql-paragraph-3\"><strong>Prix et Expositions<\/strong><\/p><p>2025 Expositions et projections collectives dans le cadre de la sortie du livres \u00ab\u00a0Etre Vingt Ans\u00a0\u00bb de Divergence Images<\/p><p>2024 Exposition au festival de Gex<\/p><p>Juillet 2023\u00a0 Mention Prix du Public et Projection au Festival des Nuits Photographiques de Pierrevert, en pr\u00e9sence de Sarah Moon, marraine de l\u2019\u00e9dition<\/p><p class=\"ca-paragraphs-B8W0l2 ql-align-justify ql-paragraph-3\">Juillet 2022 \u00a0Projection \u00e0 Arles \u2013 Masterklass avec Klavdij Sluban<\/p><p class=\"ca-paragraphs-B8W0l2 ql-align-justify ql-paragraph-3\">Juin 2022 \u00a0Exposition de la s\u00e9rie \u00ab\u00a0Variations autour d\u2019un rayon de soleil\u00a0\u00bb \u00e0 l\u2019Union des Photographes Professionnels, Paris<\/p><p class=\"ca-paragraphs-B8W0l2 ql-align-justify ql-paragraph-3\">2020 \u00a0Exposition de la s\u00e9rie \u00ab\u00a0Variations autour d\u2019un rayon de soleil\u00a0\u00bb \u00e0 la Galerie Taylor, Paris 10<\/p><p class=\"ca-paragraphs-B8W0l2 ql-align-justify ql-paragraph-3 animatable animatable--fade-on-scaleDown animatable--fade-on-scaleUp animatable--fade-on-revealRight\">2020 \u00a0Exposition collective \u00e0 la Leica Galerie, rue du Faubourg Saint Honor\u00e9, Paris<\/p><p class=\"ca-paragraphs-B8W0l2 ql-align-justify ql-paragraph-3 animatable animatable--fade-on-scaleDown animatable--fade-on-scaleUp animatable--fade-on-revealRight\">2020 \u00a0Participation \u00e0 PhotoDoc Paris<\/p><p class=\"ca-paragraphs-B8W0l2 ql-align-justify ql-paragraph-3 animatable animatable--fade-on-scaleDown animatable--fade-on-scaleUp animatable--fade-on-revealRight\">2018 \u00a0Exposition au sein du collectif d\u2019artistes La Tangente, Versailles<\/p><p class=\"ca-paragraphs-B8W0l2 ql-align-justify ql-paragraph-3 animatable animatable--fade-on-scaleDown animatable--fade-on-scaleUp animatable--fade-on-revealRight\">2017 \u00a0Exposition \u00e0 l\u2019\u00e9cole des Beaux Arts de Versailles<\/p><p class=\"ca-paragraphs-B8W0l2 ql-align-justify ql-paragraph-3 animatable animatable--fade-on-scaleDown animatable--fade-on-scaleUp animatable--fade-on-revealRight\"><strong>Parutions<\/strong><\/p><p>\u00a02025 Etre 20 ans, livre collectif de Divergence Images, pr\u00e9fac\u00e9 par Salom\u00e9 Saqu\u00e9<\/p><p class=\"ca-paragraphs-B8W0l2 ql-align-justify ql-paragraph-3 animatable animatable--fade-on-scaleDown animatable--fade-on-scaleUp animatable--fade-on-revealRight\">2022 Participation au livre de l\u2019Emi \u00ab\u00a0Ce monde l\u00e0\u00a0\u00bb, voyage aux fronti\u00e8res du photojournalisme, \u00e9ditions Loco<\/p><p class=\"ca-paragraphs-B8W0l2 ql-align-justify ql-paragraph-3 animatable animatable--fade-on-scaleDown animatable--fade-on-scaleUp animatable--fade-on-revealRight\">2022 Catalogue des \u0153uvres d\u2019art contemporain repr\u00e9sent\u00e9es au Noor Riyadh Festival<\/p><p class=\"ca-paragraphs-B8W0l2 ql-align-justify ql-paragraph-3 animatable animatable--fade-on-scaleDown animatable--fade-on-scaleUp animatable--fade-on-revealRight\">2022 Interview pour le podcast Dans L\u2019\u0153il du Photographe\u00a0<a href=\"https:\/\/www.dansloeilduphotographe.fr\/episodes\/057\">https:\/\/www.dansloeilduphotographe.fr\/episodes\/057<\/a><\/p><p class=\"ca-paragraphs-B8W0l2 ql-align-justify ql-paragraph-3 animatable animatable--fade-on-scaleDown animatable--fade-on-scaleUp animatable--fade-on-revealRight\">2020 Article et portfolio dans Fisheye Magazine <a href=\"https:\/\/fisheyemagazine.fr\/article\/une-place-au-soleil\/\">https:\/\/fisheyemagazine.fr\/article\/une-place-au-soleil\/<\/a><\/p><p class=\"ca-paragraphs-B8W0l2 ql-align-justify ql-paragraph-3 animatable animatable--fade-on-scaleDown animatable--fade-on-scaleUp animatable--fade-on-revealRight\">2020 Portfolio parution dans L\u2019\u0153il de la photographie <a href=\"https:\/\/loeildelaphotographie.com\/fr\/karine-peron-le-ouay\/\">https:\/\/loeildelaphotographie.com\/fr\/karine-peron-le-ouay\/<\/a><\/p>\t\t\t\t\t\t<\/div>\n\t\t\t\t<\/div>\n\t\t\t\t\t<\/div>\n\t\t\t\t<\/div>\n\t\t\t\t\t\t\t<\/div>\n\t\t","protected":false},"excerpt":{"rendered":"<p>Biographie de l&rsquo;auteure photographe Karine Le Ouay<\/p>\n","protected":false},"author":4,"featured_media":1701,"parent":0,"menu_order":0,"comment_status":"closed","ping_status":"closed","template":"elementor_header_footer","meta":{"footnotes":""},"class_list":["post-250","page","type-page","status-publish","has-post-thumbnail","hentry"],"yoast_head":"<!-- This site is optimized with the Yoast SEO plugin v21.5 - https:\/\/yoast.com\/wordpress\/plugins\/seo\/ -->\n<title>Contact - Karine Le Ouay<\/title>\n<meta name=\"description\" content=\"Contact et biographie de l&#039;auteure photographe Karine Le Ouay.\" \/>\n<meta name=\"robots\" content=\"index, follow, max-snippet:-1, max-image-preview:large, max-video-preview:-1\" \/>\n<link rel=\"canonical\" href=\"https:\/\/karineleouay.com\/index.php\/contact-et-biographie-karine-le-ouay-photographe\/\" \/>\n<meta property=\"og:locale\" content=\"fr_FR\" \/>\n<meta property=\"og:type\" content=\"article\" \/>\n<meta property=\"og:title\" content=\"Contact - Karine Le Ouay\" \/>\n<meta property=\"og:description\" content=\"Contact et biographie de l&#039;auteure photographe Karine Le Ouay.\" \/>\n<meta property=\"og:url\" content=\"https:\/\/karineleouay.com\/index.php\/contact-et-biographie-karine-le-ouay-photographe\/\" \/>\n<meta property=\"og:site_name\" content=\"Karine Le Ouay\" \/>\n<meta property=\"article:modified_time\" content=\"2025-05-27T07:37:36+00:00\" \/>\n<meta property=\"og:image\" content=\"https:\/\/karineleouay.com\/wp-content\/uploads\/2024\/06\/3_nos_jours_Karine_le_ouay.jpg\" \/>\n\t<meta property=\"og:image:width\" content=\"2000\" \/>\n\t<meta property=\"og:image:height\" content=\"1333\" \/>\n\t<meta property=\"og:image:type\" content=\"image\/jpeg\" \/>\n<meta name=\"twitter:card\" content=\"summary_large_image\" \/>\n<script type=\"application\/ld+json\" class=\"yoast-schema-graph\">{\"@context\":\"https:\/\/schema.org\",\"@graph\":[{\"@type\":\"WebPage\",\"@id\":\"https:\/\/karineleouay.com\/index.php\/contact-et-biographie-karine-le-ouay-photographe\/\",\"url\":\"https:\/\/karineleouay.com\/index.php\/contact-et-biographie-karine-le-ouay-photographe\/\",\"name\":\"Contact - Karine Le Ouay\",\"isPartOf\":{\"@id\":\"https:\/\/karineleouay.com\/#website\"},\"datePublished\":\"2023-07-10T15:26:30+00:00\",\"dateModified\":\"2025-05-27T07:37:36+00:00\",\"description\":\"Contact et biographie de l'auteure photographe Karine Le Ouay.\",\"breadcrumb\":{\"@id\":\"https:\/\/karineleouay.com\/index.php\/contact-et-biographie-karine-le-ouay-photographe\/#breadcrumb\"},\"inLanguage\":\"fr-FR\",\"potentialAction\":[{\"@type\":\"ReadAction\",\"target\":[\"https:\/\/karineleouay.com\/index.php\/contact-et-biographie-karine-le-ouay-photographe\/\"]}]},{\"@type\":\"BreadcrumbList\",\"@id\":\"https:\/\/karineleouay.com\/index.php\/contact-et-biographie-karine-le-ouay-photographe\/#breadcrumb\",\"itemListElement\":[{\"@type\":\"ListItem\",\"position\":1,\"name\":\"Accueil\",\"item\":\"https:\/\/karineleouay.com\/\"},{\"@type\":\"ListItem\",\"position\":2,\"name\":\"Contact\"}]},{\"@type\":\"WebSite\",\"@id\":\"https:\/\/karineleouay.com\/#website\",\"url\":\"https:\/\/karineleouay.com\/\",\"name\":\"Karine Le Ouay\",\"description\":\"Photographe\",\"potentialAction\":[{\"@type\":\"SearchAction\",\"target\":{\"@type\":\"EntryPoint\",\"urlTemplate\":\"https:\/\/karineleouay.com\/?s={search_term_string}\"},\"query-input\":\"required name=search_term_string\"}],\"inLanguage\":\"fr-FR\"}]}<\/script>\n<!-- \/ Yoast SEO plugin. -->","yoast_head_json":{"title":"Contact - Karine Le Ouay","description":"Contact et biographie de l'auteure photographe Karine Le Ouay.","robots":{"index":"index","follow":"follow","max-snippet":"max-snippet:-1","max-image-preview":"max-image-preview:large","max-video-preview":"max-video-preview:-1"},"canonical":"https:\/\/karineleouay.com\/index.php\/contact-et-biographie-karine-le-ouay-photographe\/","og_locale":"fr_FR","og_type":"article","og_title":"Contact - Karine Le Ouay","og_description":"Contact et biographie de l'auteure photographe Karine Le Ouay.","og_url":"https:\/\/karineleouay.com\/index.php\/contact-et-biographie-karine-le-ouay-photographe\/","og_site_name":"Karine Le Ouay","article_modified_time":"2025-05-27T07:37:36+00:00","og_image":[{"width":2000,"height":1333,"url":"https:\/\/karineleouay.com\/wp-content\/uploads\/2024\/06\/3_nos_jours_Karine_le_ouay.jpg","type":"image\/jpeg"}],"twitter_card":"summary_large_image","schema":{"@context":"https:\/\/schema.org","@graph":[{"@type":"WebPage","@id":"https:\/\/karineleouay.com\/index.php\/contact-et-biographie-karine-le-ouay-photographe\/","url":"https:\/\/karineleouay.com\/index.php\/contact-et-biographie-karine-le-ouay-photographe\/","name":"Contact - Karine Le Ouay","isPartOf":{"@id":"https:\/\/karineleouay.com\/#website"},"datePublished":"2023-07-10T15:26:30+00:00","dateModified":"2025-05-27T07:37:36+00:00","description":"Contact et biographie de l'auteure photographe Karine Le Ouay.","breadcrumb":{"@id":"https:\/\/karineleouay.com\/index.php\/contact-et-biographie-karine-le-ouay-photographe\/#breadcrumb"},"inLanguage":"fr-FR","potentialAction":[{"@type":"ReadAction","target":["https:\/\/karineleouay.com\/index.php\/contact-et-biographie-karine-le-ouay-photographe\/"]}]},{"@type":"BreadcrumbList","@id":"https:\/\/karineleouay.com\/index.php\/contact-et-biographie-karine-le-ouay-photographe\/#breadcrumb","itemListElement":[{"@type":"ListItem","position":1,"name":"Accueil","item":"https:\/\/karineleouay.com\/"},{"@type":"ListItem","position":2,"name":"Contact"}]},{"@type":"WebSite","@id":"https:\/\/karineleouay.com\/#website","url":"https:\/\/karineleouay.com\/","name":"Karine Le Ouay","description":"Photographe","potentialAction":[{"@type":"SearchAction","target":{"@type":"EntryPoint","urlTemplate":"https:\/\/karineleouay.com\/?s={search_term_string}"},"query-input":"required name=search_term_string"}],"inLanguage":"fr-FR"}]}},"_links":{"self":[{"href":"https:\/\/karineleouay.com\/index.php\/wp-json\/wp\/v2\/pages\/250","targetHints":{"allow":["GET"]}}],"collection":[{"href":"https:\/\/karineleouay.com\/index.php\/wp-json\/wp\/v2\/pages"}],"about":[{"href":"https:\/\/karineleouay.com\/index.php\/wp-json\/wp\/v2\/types\/page"}],"author":[{"embeddable":true,"href":"https:\/\/karineleouay.com\/index.php\/wp-json\/wp\/v2\/users\/4"}],"replies":[{"embeddable":true,"href":"https:\/\/karineleouay.com\/index.php\/wp-json\/wp\/v2\/comments?post=250"}],"version-history":[{"count":83,"href":"https:\/\/karineleouay.com\/index.php\/wp-json\/wp\/v2\/pages\/250\/revisions"}],"predecessor-version":[{"id":2504,"href":"https:\/\/karineleouay.com\/index.php\/wp-json\/wp\/v2\/pages\/250\/revisions\/2504"}],"wp:featuredmedia":[{"embeddable":true,"href":"https:\/\/karineleouay.com\/index.php\/wp-json\/wp\/v2\/media\/1701"}],"wp:attachment":[{"href":"https:\/\/karineleouay.com\/index.php\/wp-json\/wp\/v2\/media?parent=250"}],"curies":[{"name":"wp","href":"https:\/\/api.w.org\/{rel}","templated":true}]}}